et t be x(18). List the prime factors of (t/(-6))/(4*2/(-48)).
3, 5, 29
Let n = 91 - 31. Suppose 0 = -97*g + 100*g - n. What are the prime factors of g?
2, 5
Suppose 2*v + 12 + 8 = 0. Let d be (-15)/(-6)*(-4)/v. List the prime factors of -6*(-1)/6 - -4*d.
5
Suppose 125*w - 32*w = 991473. List the prime factors of w.
7, 1523
Let j(l) = 5*l**2 + 47*l + 101. What are the prime factors of j(-45)?
8111
Let o(l) = l**2 - 9*l + 12. Let z be o(7). Let t(q) = -152*q + 20. List the prime factors of t(z).
2, 3
Let a = 141 + -212. Let q = 75 + a. Suppose -3*z - 4*y + 47 = 0, -2*z + 31 = q*y + 1. What are the prime factors of z?
17
Let r = -14078 - -29859. List the prime factors of r.
43, 367
List the prime factors of 8/(-5)*(3182 - 7)*-1.
2, 5, 127
Let c(l) = 2*l**2 - 35*l - 850. What are the prime factors of c(76)?
2, 4021
Suppose -2*p - 3*c + 2 = 0, 2*p = 5*c - 4*c + 10. Let j be (-4)/(3*p*2/(-708)). Let i = j + -19. What are the prime factors of i?
3, 11
Let f = -41 + 42. Let j(d) = d**3 + 3*d**2 - 3*d + 1. Let g be j(f). Suppose 5*x + 0*x - 1244 = -3*l, -g*l = x - 253. What are the prime factors of x?
13, 19
Let w(m) = -4*m**3 + 6*m**2 - 3. Let o(s) = 3*s**3 - 7*s**2 + 4. Let t(n) = 3*o(n) + 2*w(n). Let h be t(9). List the prime factors of (h + 25)/(((-3)/3)/(-2)).
2, 31
Suppose -4*v = 2*v + 570. Let p = v + 256. What are the prime factors of p?
7, 23
What are the prime factors of (-14)/8*(-20 - -16) - -23466?
23473
Let l(s) be the third derivative of 17*s**4/24 - 2*s**3 + 2*s**2 + 16. Suppose 6*i - 40 = i. What are the prime factors of l(i)?
2, 31
Suppose 4*u - u + j - 7 = 0, 3*u + 4*j = 10. Suppose -155 + 461 = u*p. What are the prime factors of p?
3, 17
Let a be (3 - 0)*46/6. Suppose 3*s - 3*w = -447, -549 = 4*s + 4*w + a. What are the prime factors of (s/3)/(10/(-30))?
2, 73
Suppose -3*o + 34 = -5*h - 30, 7 = -o - 4*h. Suppose 3059 = o*u - 4156. List the prime factors of u.
3, 5, 37
Let i = 4910 - -2931. List the prime factors of i.
7841
Let l = -379 - -382. List the prime factors of (144/60)/(l/210).
2, 3, 7
Let o(m) = 182*m + 15. Suppose 17*u - 23 = 28. What are the prime factors of o(u)?
3, 11, 17
Suppose -3*y = 3*m - 9, 0*y - 5*m + 15 = y. Suppose 0 = 19*u + 9*u. Suppose 2*c - 3*r - 221 = y, u = 3*c + 2*r - r - 315. List the prime factors of c.
2, 53
Let m = 89931 - 63659. Let c be m/64 - 2/4. Suppose 0 = -5*y + c - 240. List the prime factors of y.
2, 17
Let a(k) = -540*k - 1357. What are the prime factors of a(-9)?
31, 113
Suppose k - 2333940 = -60*k - 44*k. What are the prime factors of k?
2, 5557
Let v(s) = 3*s - 24. Let z be v(7). Let t(n) = -156*n - 46. What are the prime factors of t(z)?
2, 211
List the prime factors of 98602/(-21)*(3 - 15).
2, 7043
Let y(v) = 97*v**2 - 118*v - 52. List the prime factors of y(21).
167, 241
Let n = -361 - -365. Suppose 5*f - 2017 = -4*d, -n*f + 1566 = 4*d - 446. List the prime factors of d.
2, 3, 83
What are the prime factors of 18534944/2958 - 6/153?
2, 13, 241
Suppose -3063*g + 3094*g - 200911 = 0. What are the prime factors of g?
6481
Suppose 4*m + 5*k - 63416 = 0, 2*k + k + 12 = 0. List the prime factors of m.
15859
Let h(j) be the first derivative of -129*j**2/2 + 122*j + 27. What are the prime factors of h(-9)?
1283
Let x(u) = 163*u - 17. Let t(w) = w**2 + 12*w + 34. Let b be t(-4). What are the prime factors of x(b)?
3, 103
Suppose -6*m + 5080 = 2*m. Let l = m - 358. List the prime factors of l.
277
Suppose -57 = u - 457. Let s = u - 118. List the prime factors of s.
2, 3, 47
Suppose 0 = -16*f + 35*f - 25346. Suppose f = 4*m - 2*h, 0 = -3*h + 9 - 12. List the prime factors of m.
3, 37
Let g be (-48)/(-26) - (-3 - (-259)/91). Let i be g/((-42)/(-7))*2*201. Suppose -2*z = 4*b - i, 3*z - z - 64 = -2*b. What are the prime factors of b?
5, 7
Let k be (-4 + 7)*1 + 0. Suppose -3*r + 0*r + 1515 = -k*f, -r + 517 = -5*f. What are the prime factors of r?
2, 251
Suppose -7139 = -3*z - 2*i - 2*i, 3*z + i - 7124 = 0. Suppose z + 123 = 13*g. What are the prime factors of g?
2, 3
Let l(g) = -g**3 - 2*g**2 + 12*g - 22. Let d be l(0). Suppose m + 27 = -30. Let u = d - m. What are the prime factors of u?
5, 7
Let y(u) = 333*u**2 + u. Suppose -2 = 2*l - 0. Let c be y(l). Suppose c = 7*z - 228. List the prime factors of z.
2, 5
Let t = -59 + 59. List the prime factors of 1998/(-108)*(t/2 + -2).
37
Let y(t) = 10*t + 13. Let r(p) = -9*p - 13. Let l(i) = 3*r(i) + 2*y(i). Let k be l(-13). Let n = 8 + k. What are the prime factors of n?
2, 43
Let p = 14 + -14. Suppose -5*x + 154 + 506 = p. Let w = -47 + x. What are the prime factors of w?
5, 17
Let y = 36217 - 22587. What are the prime factors of y?
2, 5, 29, 47
Let i(f) = 15*f + 5. Let p be i(1). Suppose -o = 5*v + p, -3*o - 4 = v - 0. Suppose -2*m + 5*m - 105 = o. List the prime factors of m.
5, 7
Suppose 0*y - y + 8 = 0. Suppose -45*h + 15*h = -840. What are the prime factors of y*(541/h + (-20)/35)?
2, 3, 5
Let a(l) = 12829*l**2 + 241*l + 239. What are the prime factors of a(-1)?
101, 127
Let t be 2/((-4)/(-1010))*24/(-60). Let z = t - -887. What are the prime factors of z?
5, 137
Let r be 2871/363 + (-3)/(-33). Suppose r*f - 5*j = 10*f - 2916, 5*f - 2*j = 7261. What are the prime factors of f?
1453
Suppose f - z - 4*z = 0, 3*f + 2*z = 0. Suppose -v = -3*u - 0*v - 790, f = -2*v + 8. Let y = u - -392. What are the prime factors of y?
2, 5, 13
Let i(j) = -7*j - 18. Let a be i(-8). Let w be -3*(3 - a/6). Suppose -w*q - 150 = -15*q. List the prime factors of q.
2, 3, 5
Let w = 10187 - 5254. List the prime factors of w.
4933
Let w = -1 - 5. Let k(z) = z**2 + 4*z - 7. Let m be k(w). Suppose -2*l - c = -6*c - 137, 314 = m*l - 3*c. What are the prime factors of l?
61
List the prime factors of (-1 - 4) + 2123610/213.
5, 1993
Suppose -5*f + 2*v + 116 = 0, 7*f = 4*f + 4*v + 64. Suppose -4 = 4*n - f. Suppose d + 2*y = 100, -n*y = d + d - 203. List the prime factors of d.
2, 47
Suppose 3*o + 14901 - 1866 = 0. Let c = -2894 - o. What are the prime factors of c?
1451
What are the prime factors of (-6 + -9 - -11) + 4809?
5, 31
Suppose -47735 = -g + a, 5*g - 106*a - 238665 = -111*a. What are the prime factors of g?
2, 29, 823
Suppose -22 = -2*a + 3*d, 8*a - 3*d = 3*a + 64. Suppose 13*l - 11*l - a = 0. List the prime factors of l.
7
Suppose 0 = -x - 47 + 11. Let w = -28 - x. Suppose w*y - 170 + 2 = 0. What are the prime factors of y?
3, 7
Let g(n) = -n**2 + 21*n - 142. Let p(x) = -2*x**2 + 40*x - 285. Let w(y) = 5*g(y) - 2*p(y). List the prime factors of w(12).
2
Let c = -302 - -548. Let k be (45/(-45))/(1/(-164)). Let t = c - k. List the prime factors of t.
2, 41
Let q be (1 + 2)/(((-27)/2)/(-9)). Suppose -4*w = 3*m - 20, q*m = 7 + 1. Let t(h) = 3*h**2 + 3*h - 6. What are the prime factors of t(w)?
2, 3
Let w(p) = 5608*p**2 + 35*p - 72. List the prime factors of w(2).
2, 5, 2243
Suppose 2*q = 2*i + 5 + 5, -5*q + i = -17. Suppose 0 = -3*p + q*t + 2193, -5*p + 0*t - 3*t = -3647. What are the prime factors of p?
2, 5, 73
Let k = -7064 - -57620. What are the prime factors of k?
2, 3, 11, 383
Suppose 0 = 7548*q - 7560*q + 26316. What are the prime factors of q?
3, 17, 43
Let c(x) be the third derivative of x**5/30 - x**4/12 - 10*x**3/3 - 20*x**2. Let w be c(-6). List the prime factors of ((-4)/(-2))/(-1)*(-4192)/w.
131
Let f(w) = -w**2 - 8*w + 1. Let m be f(-6). Suppose 4*o - 7 = m. Suppose -2*p - o*b = -43, -2*p - 4*b + 18 = -30. List the prime factors of p.
2, 17
Suppose 5234 = 3*r + 5*x - 26646, 4*r - 42502 = -2*x. What are the prime factors of r?
5, 17
Let n be (-212 + (-9)/(-3))*1. Let b = n + 1755. List the prime factors of b.
2, 773
Let f(u) = 11*u + 8. Let h be f(6). Let d = h + -35. Let j = -6 + d. List the prime factors of j.
3, 11
Suppose 3*h - 2*l - 5 = 3, -9 = -3*h + 3*l. Let d(v) = -25*v**2 + 5 + v + 26*v**h + 5*v. List the prime factors of d(6).
7, 11
Let u = 6105 - -1452. What are the prime factors of u?
3, 11, 229
Suppose -4*m = -u - 14 - 1, 5*m = -4*u + 3. Suppose -r + 439 = 4*h, 9*h + 1237 = m*r + 5*h. List the prime factors of r.
419
Suppose 11*u = 7548 - 2873. Suppose u + 853 = -18*s. Let k = 111 + s. List the prime factors of k.
2, 5
Let u be ((-18)/(-4))/((-357)/(-56) + -6). List the prime factors of 60/u - (-312 + 0).
317
Let c(g) = -g**3 - 33. Let x be c(0). Le